a be f - (-2 + (-3 - 9)). Suppose -13*q + a*q + 278 = 0. What are the prime factors of q?
139
Suppose 126 + 15 = 3*a. List the prime factors of (62/(-7))/(a/(-329)).
2, 31
Suppose 2*h + 3*h = 30. Let s(d) = -h*d**2 + d**3 + 7 + 1294*d - 1294*d. What are the prime factors of s(6)?
7
Let k(s) = -5*s + 24. Let w be k(6). Let y be -6*4/w + 1. What are the prime factors of 44 - y/(2 - 7)?
3, 5
Let j(n) = 2*n**2 + 4*n - 8 - 5*n - 4 - 3*n**2. Let b be j(-8). Let s = -13 - b. What are the prime factors of s?
5, 11
Suppose -5*b - 4 + 49 = 0. Suppose -b*s + 2967 = -2802. List the prime factors of s.
641
Suppose 78*m = -1255336 + 1615347 + 3133453. List the prime factors of m.
2, 11197
Suppose 4*p - 64 = 4*m, -5*p + 79 = -4*m - 5. Suppose 3*j + p = 5*k, -2*k = 3*j - 4*k + 35. List the prime factors of ((-24)/j)/(-4)*-465.
2, 3, 31
Suppose 5*b + 6*d = 3*d + 70338, d - 1 = 0. Suppose b - 5037 = 7*g. List the prime factors of g.
2, 3, 5, 43
What are the prime factors of 7/(-21) - (38308/(-12) + -1)?
31, 103
Suppose -240688 = -2061*s + 2047*s. What are the prime factors of s?
2, 7, 307
Suppose 1 = 20*m + 41. Let n(b) = -72*b**3 - 2*b**2 + 5*b + 13. List the prime factors of n(m).
571
Let y(d) be the third derivative of 17*d**4/12 - 10*d**3/3 + 68*d**2. What are the prime factors of y(5)?
2, 3, 5
Suppose 2*d + 15756 = 4*g, -17*g + 4*d - 7878 = -19*g. List the prime factors of g.
3, 13, 101
Let w(t) = -37*t - 271. Let n be w(-30). Let h = n + -249. What are the prime factors of h?
2, 5, 59
Let s(t) = 39*t**2 + 4*t + 5. Let z be s(-3). Suppose 0 = 3*h - d - 326, 5*h + 5*d - z = 226. What are the prime factors of h?
2, 5, 11
Let u = 73 - 116. Let d = u + 53. What are the prime factors of (-6)/d + (-2670)/(-75)?
5, 7
Let q(i) = -i**3 - 6*i**2 + 7*i. Let h be q(-7). Let j(o) = -o + 64. Let n be j(-12). What are the prime factors of (n/(-16) + h)*(-2 - 2)?
19
Let z(b) = -3*b - 37. Let m be z(-13). Suppose -m*s = u - 449, -4*s + 880 = -8*u + 4*u. What are the prime factors of s?
223
What are the prime factors of 15/6 + (-524304)/(-96)?
2, 683
Suppose 2*i - 177 = 263. Let q be (-25)/(-30)*(6 + 0). Suppose -45 = q*h - i. List the prime factors of h.
5, 7
Let w be 20/6*126/105. Suppose w*u + 88 = -2*y + 348, -2*u + 130 = -2*y. What are the prime factors of u?
5, 13
Suppose -11857*k + 11831*k + 237692 = 0. What are the prime factors of k?
2, 7, 653
Suppose -2*g - 259*v + 49978 = -261*v, v + 74955 = 3*g. List the prime factors of g.
7, 43, 83
Let b(a) = a**3 - 12*a**2 - 13*a - 13. Let w be b(13). Let p = w - -26. Suppose -18 = -2*s + 4*v, -4*v - 14 = -3*s + p. What are the prime factors of s?
3
Suppose 105*d - 101*d = 36. Let n(l) = 2*l**3 - 5*l**2 - 18*l - 14. List the prime factors of n(d).
877
Suppose -p = 4*p - 3*m - 15, 5*p + 3*m + 15 = 0. Let k(b) be the first derivative of -b**4/4 + 53*b - 854. What are the prime factors of k(p)?
53
Let t be (18/(-45))/(2/(-10)). Suppose 13 = t*q - 13. List the prime factors of q.
13
List the prime factors of (27 + -1440)/(-2 - (-6)/(-4)*-1).
2, 3, 157
Suppose -61*s + 10900 = -58*s + 2*z, -2*s + z + 7269 = 0. What are the prime factors of s?
2, 23, 79
Let y = 66 - 60. Let o be 316*1/(y - 4). What are the prime factors of (-4 + 3 - 0) + o?
157
Suppose -5*i - 423 - 132 = 0. Let z = 203 + i. Suppose 2*a - 47 = a - 2*q, 0 = -2*a - 3*q + z. What are the prime factors of a?
43
Let x be -22685 + -55 + (1 - 5). What are the prime factors of 6/(-8) + x/(-160)*5?
2, 5, 71
Let v(b) = -1022*b + 10790. List the prime factors of v(-50).
2, 3, 5, 2063
Suppose -9*f - 5*f + 15*f - 16508 = 0. What are the prime factors of f?
2, 4127
Let k = -438 - -450. List the prime factors of (4/(-6))/(k/225)*-22.
5, 11
Suppose 3*i = 4*o + 209, 2*o + 117 = i - 2*i. Let f(p) = -p**2 - 25*p + 110. Let a be f(4). What are the prime factors of -8 - a - o*1?
2, 3
Let d(g) = -6*g**2 + 174*g - 30. Let y be d(27). Suppose -c + y + 254 = -5*o, o - 1692 = -3*c. What are the prime factors of c?
563
Let i(w) = 968*w + 13. What are the prime factors of i(3)?
2917
Let u = -607 + 610. List the prime factors of (2 - u/6)/(2/628).
3, 157
Let a = -133 + 26. Let b = -84 - a. Let j(t) = 4*t - 15. What are the prime factors of j(b)?
7, 11
What are the prime factors of 945/(-420) - 27090/(-8)?
2, 3, 47
Let m be (-9 + 32)*(-1 + -4)*1. Let c be -4*((-27)/(-6) - -1). Let x = c - m. What are the prime factors of x?
3, 31
Let v(a) = -654*a - 691. What are the prime factors of v(-8)?
19, 239
Let j = 44 - 39. Suppose -1 = -z, -3*z + 6*z = -j*s + 18. Suppose 2*n - n + s*v = 33, 0 = -n - v + 43. List the prime factors of n.
2, 3
Let c = 54758 + -32523. What are the prime factors of c?
5, 4447
Let l(c) = 2*c**3 + c**2 + 3. Let a be l(-3). List the prime factors of ((-2)/(-4))/((a/(-11316))/7).
23, 41
Suppose -3*m = -16*u + 12*u - 56888, -5*u = -5. List the prime factors of m.
2, 11, 431
Let q be (45/(-12) - -4) + 108/16. Suppose -278 - 653 = -q*w. What are the prime factors of w?
7, 19
Let h(t) = t**3 - 13*t**2 + 8*t - 410. List the prime factors of h(25).
2, 3, 5
Suppose 7*b = -2*b - 9. Let y be b + 5 + -4 + 2. Let x = y + 51. List the prime factors of x.
53
Let u(d) = 14*d - 127. Let s(m) = 4*m**2 + 20*m - 58. Let j be s(3). What are the prime factors of u(j)?
3, 5
Let a(v) = 27*v**2 - 89*v - 521. What are the prime factors of a(-18)?
9829
Suppose -4*g = -5*a - 39, 14 + 13 = 2*g - 5*a. Suppose -15 = 3*f - g. List the prime factors of ((-56)/f)/4*21.
2, 7
What are the prime factors of 18 + 294/(-16) + 11059/(-8)*-1?
2, 691
Let i be (3 - -2615) + 2 + 2. Let n be (i/76)/((-2)/(8/(-2))). Let o = n - 48. What are the prime factors of o?
3, 7
Let z = 6187 - 1169. What are the prime factors of z?
2, 13, 193
Let t(o) = 4*o**3 + 10*o**2 + 10*o + 22. Let m(b) = -b**3 - b. Let a(v) = 5*m(v) + t(v). Let x = -20 + 30. What are the prime factors of a(x)?
2, 3
What are the prime factors of (-658)/(-8) + 425/(-340)?
3
List the prime factors of (350 + 1284)*(1 - -15).
2, 19, 43
Let y = 2542 + 1624. What are the prime factors of y?
2, 2083
Suppose -k = -4*k + 1200. List the prime factors of (-5 - k)*(-4)/12.
3, 5
Let j(n) = -2720*n + 860. List the prime factors of j(-2).
2, 3, 5, 7
List the prime factors of 5/((6 - (-172917)/(-28818))*-2).
5, 1601
Let i(g) = g**3 + 10*g**2 - 8*g + 48. Let v be i(-11). Suppose -v*w + 19*w - 1452 = 0. List the prime factors of w.
3, 11
Let l = -258 - -155. Let w = 121 + l. Suppose w*f - 41 = 499. List the prime factors of f.
2, 3, 5
Let j = 10608 + 8081. List the prime factors of j.
11, 1699
Suppose 5*c - 3 - 42 = 0. Let v(u) = u**3 + 5*u**2 - 20*u - 7. List the prime factors of v(c).
947
Let r(f) = 139*f**2 + 3*f - 45. What are the prime factors of r(3)?
3, 5
Let l be 3*(-2)/6*5. Let n(j) = 4*j**3 + 26*j**2 - 5*j + 6. Let w(u) = 5*u**3 + 27*u**2 - 6*u + 6. Let v(g) = l*w(g) + 6*n(g). List the prime factors of v(21).
2, 3
Let j be 101 + -49 - 7*-1. Suppose f - 5301 = -5*z, -2*z + 61*f + 2130 = j*f. What are the prime factors of z?
1061
Suppose 0 = 2*k + 4, -63*k = -5*y - 58*k + 47665. What are the prime factors of y?
3, 353
Suppose -56*t + 55*t - 1440 = 0. Let d = 61 - t. What are the prime factors of d?
19, 79
Let b(v) = -v**2 - 22*v - 15. Let y be b(-21). Suppose -y*m - 1425 = -4809. List the prime factors of m.
2, 3, 47
Let q = 10032 - 8568. What are the prime factors of q?
2, 3, 61
Let c(o) = -3*o**2 - 202*o + 92. What are the prime factors of c(-56)?
2, 499
Suppose 26*i - 13*i = -20*i + 41415. List the prime factors of i.
5, 251
Let h be (-50)/3*378/105. Let b = h + 65. Suppose 4*k + p = -0*k + 609, 277 = 2*k - b*p. List the prime factors of k.
151
Suppose -r + 513 = -4*x, 10*x - 8 = 6*x. Let v = 1301 - r. List the prime factors of v.
2, 3, 5, 13
Suppose -40547 = -11*d + 3255. What are the prime factors of d?
2, 11, 181
Let k(m) = -6*m + 2 + 2*m + 0 + 43*m**3 - m**2 + 2*m**2. What are the prime factors of k(2)?
2, 3, 19
Let n(c) = -199*c + 5752. List the prime factors of n(-114).
2, 59, 241
Let x be 20*-1*(-670)/25. Let p = 337 + x. List the prime factors of p.
3, 97
Let c be (-2)/(8/(-59)) - (-51)/(-68). Suppose 804 = c*u - 414. List the prime factors of u.
3, 29
Suppose 3*a - 6428 = 5*p + 4641, a + 3*p = 3699. What are the prime factors of a?
3, 1231
List the prime 